inder when 1497 is divided by f.
13
Let z be (-42)/(-10) - ((-24)/30 + 1). Suppose -7*g - z*g = -154. Calculate the remainder when g is divided by 4.
2
Let y be (6/10 + -1)/(2/20). What is the remainder when ((-149)/(-4) + (-3)/y)/2 is divided by 5?
4
Let o = 57 - 26. Suppose 4*a - 41 = 3*d, 5*a = -12*d + 9*d + 58. Calculate the remainder when o is divided by a.
9
Let x(p) = -15*p + 8. Let k be x(-10). Let y = -125 + k. Calculate the remainder when 228 is divided by y.
30
Suppose 0 = 2*t - 4*k - 740, -t - t + 739 = -3*k. Suppose 0 = -284*n + 290*n - 408. Suppose -4*x + t = n. What is the remainder when x is divided by 19?
18
Let y(a) = -95*a - 2371. What is the remainder when y(-31) is divided by 19?
4
Suppose 2554 + 1753 + 4298 = 61*a - 5913. Let x(b) = b**2 - b - 4. Calculate the remainder when a is divided by x(-4).
14
Suppose -17*j + 75 = -163. What is the remainder when 503 is divided by j?
13
Let z = 3423 + -3282. Calculate the remainder when z is divided by 25.
16
Suppose 4736*f - 1665 = 4731*f. What is the remainder when f is divided by 170?
163
Suppose -3*s - 2322 = -2460. Calculate the remainder when 505 is divided by s.
45
Suppose -106977 = -95*s + 47208. Calculate the remainder when s is divided by 14.
13
Let t(n) be the second derivative of n**4/12 + 11*n**3/6 + 75*n**2/2 + n + 45. Calculate the remainder when 224 is divided by t(-6).
44
Let w be -11 + 6*(-2)/(-3). Let r be w*(15/10)/((-7)/4). Suppose r + 6 = 12*z. Calculate the remainder when 1 is divided by z.
0
Suppose 3*z - 26 = q, z + 3*z - 38 = -2*q. Suppose 0 = z*n - 204 + 15. What is the remainder when 333 is divided by n?
18
Let k(o) = 24*o**2 + 11*o + 12. Let d(c) = 494*c + 4010. What is the remainder when k(-6) is divided by d(-8)?
56
Calculate the remainder when 334 is divided by (-2226)/(-24) - 8 - 1/(-4).
79
Suppose n - 5 = 5*h, 2 = -n - n - 2*h. Suppose 6*s - 164 + 26 = n. Suppose 2*z - 6 = 4*b, 1 + s = 4*z - 2*b. What is the remainder when 33 is divided by z?
5
Let y(n) = n**3 - 16*n**2 + 7*n + 25. Let u be (4 + (-69)/6)*-2. Let f be y(u). Let w = f + 207. Calculate the remainder when w is divided by 38.
36
Let r = 331 - 342. Calculate the remainder when (r - -17)*250/12 is divided by 32.
29
Suppose 0 = -5*t - 5*y + 30, t - 4*y = 6*t - 29. Let m(c) = 2*c**2 - 3*c - 6. Let u = -74471 + 74555. Calculate the remainder when u is divided by m(t).
26
Let z = -2029 - -2041. Let x = 46 + -27. Calculate the remainder when x is divided by z.
7
Suppose 22*b - 1134 = -35*b + 15*b. Let p(c) = c - 3. Let g be p(3). Suppose 2*v + 0 - 210 = g. What is the remainder when v is divided by b?
24
Suppose 0 = 23*f - 8807 - 12514. What is the remainder when f is divided by 42?
3
Suppose -3*z + 1 = -29. Suppose 25*l - 137 = 63. Suppose -21*w + l*w = -39. What is the remainder when z is divided by w?
1
Suppose -6459*l - 8746 = -6477*l + 1856. Calculate the remainder when l is divided by 99.
94
Let t(r) = 3*r**2 + 5*r + 1. Suppose -20 = -5*w - 0*z + 3*z, 3*z = -w + 4. Let m be t(w). Suppose -13 = 2*n - m. What is the remainder when 104 is divided by n?
20
Suppose 2*j + 2 = 3*u - 3, -2*j = -4*u + 10. Suppose -2*a = u*h - 2440, 3*h + 45*a - 1450 = 41*a. Calculate the remainder when h is divided by 29.
26
Suppose 10 + 25 = 7*f. Suppose 5*z - 285 = -4*d, -490 + 144 = -f*d + 4*z. Calculate the remainder when d is divided by 12.
10
Let b be (-4)/(-3) - ((-512)/(-24) + -10). Calculate the remainder when 117 is divided by (-480)/b*(28/8)/7.
21
Let c(s) = 25*s**2 + s + 44. Let z be c(-5). Suppose -592 + z = 3*g. Calculate the remainder when 46 is divided by g.
22
Let q(r) = r**2 - 5*r + 2. Let g(w) = 2*w**3 + 17*w**2 + 8*w + 23. Suppose 0 = -k - 5*k - 48. What is the remainder when g(k) is divided by q(6)?
7
Let u = -9 + 25. What is the remainder when ((-80)/(-8))/(-10)*-87 is divided by u?
7
Suppose 2*o + 5*n = 78, -6*n + 112 = 3*o - n. Calculate the remainder when o is divided by 31.
3
Let r(f) = -f**3 + 61*f**2 - 34*f + 2487. What is the remainder when r(60) is divided by 150?
147
Suppose -48 = -2*w + 34. Suppose 3*n = -2*k + 21, 11 + 1 = -k + 3*n. Suppose v = -k*v + 44. What is the remainder when w is divided by v?
8
Suppose -x = 3*s - 40, -30 - 6 = -3*s - 3*x. Let p = -1354 - -1368. Calculate the remainder when p is divided by s.
0
Let l = -3409 - -3494. Calculate the remainder when l is divided by 79.
6
Suppose 0 = 3*h + 39 + 15. Let o = h + 72. Calculate the remainder when 104 + -3 + -5 + (1 - -7) is divided by o.
50
Let s be (-2)/3*(16434/(-12))/(-11). Let n = 101 + s. Calculate the remainder when 29 is divided by n.
11
Suppose -y + 50 = -3*y. Let x(i) = 46*i + 837. Calculate the remainder when (-2)/(-5) + (-365)/y is divided by x(-18).
6
Let h(q) = q**3 + 5*q**2 - 27*q - 91. What is the remainder when h(-6) is divided by 6?
5
Suppose 3281 = 4*w - n, 2*w - 237*n - 1658 = -233*n. Calculate the remainder when w is divided by 798.
21
Suppose -26*w = 34*w - 23160. Suppose -w*c + 524 = -385*c. Calculate the remainder when c is divided by 8.
4
Suppose 0 = 58*f - 61*f + 552. Let a = f - 133. What is the remainder when a is divided by (-4)/18 - 238/(-18)?
12
Let s(g) = 959*g - 17600. Let k = 168 - 64. What is the remainder when s(19) is divided by k?
101
Let y(c) = c**3 - 10*c**2 + 12*c - 28. Let t be y(9). Calculate the remainder when ((-19)/t)/((-5)/(-25)) is divided by (-167)/(-7) - (-14)/98.
23
Let p = -941 + 954. Calculate the remainder when 543 is divided by p.
10
Let f(c) = 2*c - 315*c**2 + 3 + 2*c + 318*c**2. Let p = -5 + 3. What is the remainder when 33 is divided by f(p)?
5
Let t = 90 + -53. Let n = 28526 - 28383. Calculate the remainder when n is divided by t.
32
Let k = 216 + -148. Suppose -17*r - r + 288 = 0. Suppose -84 = -10*j + r. What is the remainder when k is divided by j?
8
What is the remainder when 1594 is divided by -13 + -2 + (62 - 41)?
4
Let f = -8 + 11. Suppose 44*b - 808 = -482 + 1214. Calculate the remainder when 47/(-2)*-6 - f is divided by b.
33
Let y = -2516 + 2583. What is the remainder when 464 is divided by y?
62
Suppose -262*i - 59*i = -189149 - 46465. Calculate the remainder when i is divided by 46.
44
Suppose -5*b = 3*y + 2881, b = -2*b - 2*y - 1728. Let x = 585 + b. What is the remainder when 32 is divided by x?
4
Let c(v) = 18*v**2 - 6*v. Let k be c(5). Suppose -3*n = n - k. Suppose 1151*y = 196*y + 25785. Calculate the remainder when n is divided by y.
24
Suppose 42*m = 20*m + 990. Calculate the remainder when 57 is divided by m.
12
Let y = 36 - 36. Let l(q) = 7 - 24*q + q**3 + y*q**3 - 3*q**2 - 1. Calculate the remainder when 64 is divided by l(7).
30
Let n = -51 - -46. Let z be (-4)/6 + n*10/(-75). Suppose -5*t + 40 = -z*t. Calculate the remainder when 29 is divided by t.
5
Let o(s) = -2 + 3*s + 42*s + 4 + 10*s - 4*s**2. What is the remainder when o(12) is divided by 19?
10
Suppose 21*k - 338 - 5048 = 3224. Calculate the remainder when k is divided by 90.
50
Let q(y) = 5*y**2 - 257*y + 65. Calculate the remainder when q(53) is divided by 164.
161
Suppose -7 = -5*w + 3, -3*v - 5*w + 169 = 0. Suppose -v*l + 84 = -57*l. Let p = l + 36. Calculate the remainder when 102 is divided by p.
12
Let a = 57 + 88. Let j = a + -152. Calculate the remainder when (7 + -6)/((-1)/j) is divided by 4.
3
Suppose -n + 6 = x, 14 = 4*x - 3*x + 5*n. Let o(y) = 7*y**2 - 7*y + 9. What is the remainder when o(2) is divided by x?
3
Let q = 291292 - 291229. Suppose 5*g + 20 = 3*b + 104, -g = -3*b - 12. Calculate the remainder when q is divided by g.
9
Suppose d + 2*b = -566, b = -5*d + 1054 - 3893. Let q = -539 - d. Calculate the remainder when q is divided by 23.
6
Let r(g) = -g**3 + 23*g**2 + g - 28. Let v be r(23). Let h be -236*2*v/40. Let q = 61 - h. Calculate the remainder when 9 is divided by q.
1
Suppose 10*m + 101 = 68*m - 9527. Calculate the remainder when 521 is divided by m.
23
Let n be 6/(8*(-27)/(-360)). Suppose 16 + 13 = i + 3*a, 0 = 2*a - n. Let l(v) = -2*v**3 - 6*v**2 + 4*v + 1. Calculate the remainder when l(-5) is divided by i.
11
Let k = -463 - -560. Let t = -3 - -9. Calculate the remainder when k is divided by t.
1
Calculate the remainder when 1585 is divided by 26/(-39) + 531/27.
8
Suppose -1391*c + 1407*c = 304. Suppose h - 365 = -4*h. Calculate the remainder 